base 3) to base 13
-a
-2 (base 3) to base 2
-10
What is -13 (base 5) in base 8?
-10
What is -40 (base 7) in base 9?
-31
Convert -3 (base 7) to base 15.
-3
Convert 1 (base 16) to base 2.
1
What is -2 (base 13) in base 14?
-2
What is 3 (base 11) in base 10?
3
Convert 0 (base 7) to base 4.
0
What is 12 (base 11) in base 2?
1101
What is 123 (base 8) in base 3?
10002
-3 (base 5) to base 2
-11
Convert 3 (base 9) to base 13.
3
1113 (base 4) to base 9
106
What is -48 (base 9) in base 14?
-32
Convert -44 (base 6) to base 16.
-1c
What is -38 (base 13) in base 14?
-35
What is -4 (base 8) in base 13?
-4
What is 3 (base 15) in base 11?
3
Convert -111 (base 4) to base 14.
-17
4 (base 10) to base 4
10
-1111 (base 2) to base 8
-17
Convert 1 (base 5) to base 15.
1
Convert -52 (base 6) to base 12.
-28
Convert -186 (base 11) to base 2.
-11010111
What is -3 (base 10) in base 8?
-3
What is -6 (base 14) in base 16?
-6
What is -29 (base 10) in base 11?
-27
-20 (base 11) to base 9
-24
17 (base 16) to base 3
212
13 (base 10) to base 13
10
What is 73 (base 14) in base 3?
10202
36 (base 13) to base 7
63
Convert -64 (base 8) to base 4.
-310
36 (base 8) to base 5
110
6 (base 10) to base 4
12
3 (base 6) to base 2
11
Convert 44 (base 12) to base 6.
124
What is 10000 (base 2) in base 11?
15
-6e (base 16) to base 7
-215
What is -166 (base 8) in base 4?
-1312
Convert 4 (base 11) to base 12.
4
What is -237 (base 10) in base 13?
-153
What is -2 (base 16) in base 2?
-10
Convert -3 (base 11) to base 2.
-11
-11 (base 2) to base 8
-3
12 (base 4) to base 14
6
178 (base 12) to base 4
3230
11a (base 11) to base 15
97
Convert -255 (base 7) to base 14.
-9c
-112 (base 9) to base 8
-134
Convert -338 (base 9) to base 5.
-2103
-5 (base 14) to base 13
-5
Convert 113 (base 4) to base 10.
23
What is 23 (base 7) in base 5?
32
80 (base 9) to base 15
4c
What is 1 (base 8) in base 14?
1
67 (base 8) to base 5
210
-7a (base 12) to base 7
-163
-8 (base 10) to base 15
-8
What is -1a (base 13) in base 14?
-19
35 (base 16) to base 6
125
Convert -101 (base 2) to base 10.
-5
2 (base 13) to base 7
2
Convert -13 (base 11) to base 16.
-e
19 (base 12) to base 2
10101
Convert -101 (base 2) to base 16.
-5
-3 (base 6) to base 2
-11
Convert 1100 (base 2) to base 5.
22
-151 (base 7) to base 10
-85
Convert 427 (base 8) to base 4.
10113
What is 110 (base 2) in base 12?
6
What is -3 (base 6) in base 7?
-3
-3c (base 14) to base 7
-105
Convert -11 (base 10) to base 12.
-b
What is 1 (base 3) in base 10?
1
-5 (base 13) to base 2
-101
Convert 63 (base 11) to base 5.
234
What is -3 (base 9) in base 2?
-11
-305 (base 7) to base 11
-129
What is -1 (base 16) in base 8?
-1
What is -174 (base 8) in base 2?
-1111100
What is 1 (base 11) in base 15?
1
What is a (base 15) in base 16?
a
What is 123 (base 8) in base 6?
215
-2 (base 4) to base 15
-2
b (base 12) to base 13
b
What is 19 (base 12) in base 14?
17
What is 5e (base 15) in base 16?
59
Convert 4 (base 16) to base 15.
4
What is 16 (base 15) in base 14?
17
10 (base 2) to base 5
2
2 (base 3) to base 5
2
Convert -1100 (base 2) to base 16.
-c
Convert 0 (base 9) to base 4.
0
Convert -127 (base 10) to base 8.
-177
What is -22 (base 7) in base 8?
-20
What is 12 (base 12) in base 10?
14
What is 1101 (base 2) in base 10?
13
10221 (base 3) to base 9
127
What is -2 (base 12) in base 9?
-2
-31 (base 16) to base 4
-301
What is 2 (base 10) in base 8?
2
Convert -2 (base 4) to base 7.
-2
What is 10 (base 5) in base 7?
5
26 (base 13) to base 14
24
Convert -38 (base 13) to base 6.
-115
-10101 (base 2) to base 16
-15
Convert 33a (base 11) to base 4.
12112
What is -2 (base 10) in base 7?
-2
-17 (base 10) to base 16
-11
What is -10 (base 3) in base 4?
-3
Convert 9 (base 16) to base 6.
13
Convert -37 (base 16) to base 9.
-61
What is 15 (base 12) in base 14?
13
What is -33 (base 7) in base 8?
-30
0 (base 4) to base 2
0
Convert 22 (base 5) to base 11.
11
21 (base 15) to base 10
31
What is 155 (base 11) in base 7?
346
Convert 10 (base 4) to base 6.
4
What is -20 (base 6) in base 9?
-13
4 (base 15) to base 11
4
-1 (base 15) to base 16
-1
What is -32 (base 11) in base 6?
-55
Convert 9 (base 13) to base 2.
1001
-1d (base 14) to base 4
-123
What is 33 (base 4) in base 14?
11
What is -37 (base 14) in base 8?
-61
Convert 1 (base 7) to base 14.
1
What is -b (base 13) in base 6?
-15
Convert 121 (base 7) to base 9.
71
Convert 0 (base 4) to base 13.
0
Convert -15 (base 11) to base 12.
-14
Convert b (base 13) to base 15.
b
Convert -151 (base 11) to base 4.
-2301
Convert -51 (base 8) to base 16.
-29
What is -2 (base 12) in base 16?
-2
Convert 2 (base 6) to base 15.
2
What is -175 (base 10) in base 14?
-c7
-2 (base 11) to base 16
-2
Convert -10 (base 4) to base 7.
-4
-3 (base 6) to base 8
-3
30 (base 8) to base 7
33
Convert 18 (base 15) to base 2.
10111
1a (base 11) to base 16
15
-2 (base 10) to base 4
-2
What is -1 (base 15) in base 9?
-1
Convert -10 (base 3) to base 12.
-3
What is -2421 (base 5) in base 12?
-261
What is 1b5 (base 14) in base 4?
11203
-1100100 (base 2) to base 5
-400
What is 1000 (base 2) in base 4?
20
What is -4b (base 12) in base 7?
-113
What is 13 (base 13) in base 10?
16
44 (base 10) to base 15
2e
Convert -14 (base 16) to base 3.
-202
Convert 10 (base 5) to base 4.
11
0 (base 7) to base 6
0
What is 114 (base 5) in base 9?
37
Convert 0 (base 8) to base 5.
0
What is -10012 (base 4) in base 8?
-406
What is -27 (base 14) in base 16?
-23
5 (base 14) to base 4
11
What is -1 (base 7) in base 4?
-1
Convert 2c (base 15) to base 6.
110
-6 (base 7) to base 15
-6
1401 (base 5) to base 3
22101
4 (base 8) to base 11
4
4 (base 13) to base 3
11
-1 (base 13) to base 11
-1
43 (base 6) to base 15
1c
-10 (base 2) to base 16
-2
Convert 1000101 (base 2) to base 5.
234
-65 (base 8) to base 15
-38
-10000011 (base 2) to base 3
-11212
Convert 5 (base 11) to base 13.
5
Convert -2 (base 16) to base 5.
-2
What is -c (base 15) in base 8?
-14
-11100 (base 2) to base 11
-26
-137 (base 8) to base 12
-7b
What is 0 (base 9) in base 12?
0
What is 100 (base 3) in base 5?
14
-1211 (base 6) to base 11
-249
Convert -3a (base 16) to base 13.
-46
What is -252 (base 6) in base 16?
-68
What is -4 (base 5) in base 15?
-4
17 (base 15) to base 8
26
What is -5 (base 11) in base 5?
-10
4 (base 6) to base 9
4
Convert 6 (base 15) to base 14.
6
What is -1020 (base 3) in base 2?
-100001
What is 6 (base 11) in base 6?
10
What is 144 (base 6) in base 14?
48
Convert -29 (base 11) to base 16.
-1f
What is 1 (base 10) in base 2?
1
What is a (base 13) in base 5?
20
Convert 22 (base 8) to base 13.
15
-2121 (base 3) to base 9
-77
Convert 3 (base 7) to base 13.
3
0 (base 10) to base 15
0
Convert 32 (base 7) to base 6.
35
Convert 5 (base 9) to base 5.
10
What is -b (base 12) in base 8?
-13
Convert -20 (base 3) to base 5.
-11
45 (base 12) to base 16
35
3303 (base 4) to base 15
113
3 (base 9) to base 12
3
-76 (base 12) to base 15
-60
Convert 0 (base 3) to base 4.
0
-5 (base 12) to base 4
-11
-50 (base 15) to base 12
-63
What is -110 (base 2) in base 3?
-20
Convert 1 (base 2) to base 7.
1
1111 (base 2) to base 13
12
5 (base 6) to base 2
101
Convert -7 (base 15) to base 2.
-111
-8 (base 13) to base 6
-12
-15 (base 6) to base 7
-14
What is -3 (base 7) in base 15?
-3
3 (base 15) to base 7
3
Convert -33 (base 6) to base 2.
-10101
-12 (base 3) to base 5
-10
What is 0 (base 2) in base 6?
0
-38 (base 15) to base 9
-58
-10102 (base 3) to base 6
-232
What is 3b (base 16) in base 11?
54
3 (base 12) to base 15
3
What is 44 (base 12) in base 3?
1221
-1 (base 15) to base 9
-1
1 (base 13) to base 15
1
Convert -1 (base 6) to base 9.
-1
What is -41 (base 9) in base 8?
-45
Convert 31 (base 4) to base 15.
d
What is -13 (base 10) in base 3?
-111
What is -11 (base 7) in base 16?
-8
-10 (base 3) to base 12
-3
What is 11011 (base 2) in base 14?
1d
Convert 11 (base 16) to base 6.
25
22 (base 9) to base 5
40
Convert 4 (base 9) to base 10.
4
101101 (base 2) to base 15
30
-1055 (base 6) to base 8
-373
-10 (base 6) to base 4
-12
43 (base 9) to base 6
103
Convert -2 (base 16) to base 11.
-2
What is -136 (base 7) in base 11?
-6a
What is -2 (base 6) in base 3?
-2
17 (base 11) to base 6
30
What is -3 (base 5) in base 6?
-3
What is 6 (base 10) in base 6?
10
What is 2 (base 13) in base 